 + -2 + (23 + -35 + 7 - -4)
-12
(-30951 - -30905) + (-1 - -56)
9
Calculate -102 - (-81 + -62) - -61.
102
What is -2 - ((12 - 2) + 9 + (-16 - 15))?
10
What is -11 + -50 + (-426 - -503)?
16
What is the value of 132 - (294 + -111 + 58)?
-109
Evaluate 35 - (34 + -25 + -35 - -22).
39
-3 + 24 + 126 + 24 + -153
18
What is the value of 126 + -187 + 77 + -60?
-44
What is the value of (-11 - -1) + (82 - (-18 - -4)) + 13 - 1?
98
32 - (38 + -20 + 10 + -47)
51
What is -9 - (-11 + -2 + (25 + -33 - 32))?
44
(-11 - -14) + -13 + -4 - -4 - (-1 + 1)
-10
Calculate 12 + (-30 - (-16 + -2)) + 34.
34
Evaluate 3 - 76 - (-11 + (-25 - -13 - -10 - -1)).
-61
What is the value of (-17 - -42 - 16 - -2) + -31 - -26?
6
Evaluate (-1 - -2) + 87 + (-7 - (8 + (-22 - -15))).
80
Calculate -6 + (-26 + (7 - 6) + 6 - -10) + 1.
-14
Evaluate (-22 - 37) + (12 - -20).
-27
Calculate -94 + 7 - (-2 - (29 - (-16 - -57))).
-97
What is the value of (-11 - 116) + 24 - -19?
-84
What is the value of -50 + -18 + 50 + 7?
-11
Calculate 5 - (1 + -1) - (3 + (7 - -10) + 21).
-36
Calculate 17 + (38 - 22 - (12 + -10 + 22)).
9
Calculate (-18 - -25) + 5 + 9 - 120 - -16.
-83
Calculate (0 - -2) + 91 - (-16 - (-31 + -18 - -25)).
85
5 - -45 - (12 - 7)
45
What is -1 - (-9 - (10 + 4 + -28))?
-6
Evaluate (-99 - (-9 - (-9 - -3))) + -5 + 23 + -17.
-95
What is the value of (1677 - 1694) + (-25 - 7)?
-49
What is the value of (-12 + -9 + 21 - (-14 + 11)) + -11?
-8
0 + 29 - (-13 - (-13 - 9 - 3))
17
Calculate -40 - ((-12 - 4) + 40) - 26.
-90
What is the value of 153 + -112 + -14 + (0 - -6)?
33
Calculate -18 + -24 - 0 - (8 - (1 - 2)).
-51
What is the value of -13 - (-5 + 10 - -76 - (405 - 425))?
-114
Evaluate (36 - (2 + -1)) + 40686 + -40801.
-80
What is the value of 7 - (50 + (-22 + 21 - 11))?
-31
Evaluate -16 + -20 + (39 - 47) + (-7 - -62).
11
What is the value of -30 + (-67 - -77) + 26?
6
What is the value of (9 - -2) + (-58 - -45 - 4) + 13 + 0?
7
131 - (-12 - (-22 + 51) - -54)
118
What is (-26 - -24) + -7 + 1 + 7 - 0?
-1
What is the value of -125 - (-99 - (-88 + 40))?
-74
What is 78 + (29 - 65) + -75?
-33
Calculate 25 + -8 - ((-22 - -8) + -51 + 13).
69
Calculate 10 - 33 - -9 - 0 - (-60 + 0 + 7).
39
Calculate (-2 - 42) + 36 - -46.
38
What is (33 - (30 - 14)) + -54?
-37
69 - (41 - (16 - 7))
37
14 + (-2 - (-4 - 2)) - (-30 + -54)
102
Calculate -7 + 2 - (-3 - (-4 - -1)) - (4722 - 4731).
4
What is -43 - (3 + (73 - 62) + (-4 - (4 - 5)))?
-54
8 + (-3 - (-1 + -6)) - (-19 + 19) - 44
-32
What is 12 + -32 + -16 + 4?
-32
(3 - 2 - 3) + (-2463 - -2475) + -21 - -24
13
Calculate (0 - -5) + 100 + -92 + 26 - (-4 - -1).
42
What is (-30 - 3) + (48 - (38 - 40))?
17
What is the value of (-5 - -72) + (-1920 - -1757)?
-96
What is 7 + -72 + 14 + 71?
20
Calculate 14 - -54 - (2 - (-3 - (7 + -4))).
60
Evaluate (-28 - -46) + (-69 + 3 - 10).
-58
What is 4 + -4 - (-1 + -9) - -32?
42
What is -10 + (-21 - (-41 + 4)) + -2 + (-1 - -3)?
6
What is 122 + -157 + 13 + 27?
5
-68 - -1 - (172 + -203) - -4
-32
Calculate -112 - ((24 + -72 - -17) + 11).
-92
Calculate 9 - (0 + 4 + (153 - 148) - (-37 - 1)).
-38
(182 - 179 - (-5 + 5 - -39)) + -4
-40
Calculate (-17 - (-1 + -4)) + (14 - (-6 - -8 - -23)).
-23
What is the value of 10 + ((26 - -61) + -14 + 49 - (-1 + -12))?
145
What is (-29 + 8 - (8 + -15 + -2) - -14) + -52?
-50
What is 36 - (-151 + 190 - (25 - 0))?
22
Calculate 579 + -574 + -5 + -19 + 2.
-17
56 + (25 - (-19 - -123))
-23
What is the value of -1 + 13 + (-13 - -9 - (31 + -17) - -36)?
30
(-139 + -124 - -107) + 93
-63
What is the value of 776 + -891 - (-230 - -7)?
108
What is (-106 - (3 + 4 + (-16 - -17))) + -2 - -10?
-106
What is 15 + 0 + -16 + 4 - -64?
67
Calculate 0 + (74 - 8) - 94.
-28
-3 + -25 + 5 + (-3 - 21) + 10
-37
Evaluate -54 + 75 - (-52 - (14 + -27 + -2)).
58
Calculate 11 - (-1 - -50 - (-22 + (24 - -11))).
-25
(-800 - -794) + (20 - 0) + 2
16
What is -44 + (-17 + 74 - 66)?
-53
0 + 122 + (19 + -1 - 6) + -30
104
(6 - -3) + (20 - (27 - -23))
-21
Calculate 121 - 2 - (4961 - 4765).
-77
Calculate 543 + -538 + (-1 - 7) + 12.
9
What is 53 + -21 + -32 + -15?
-15
Evaluate -2 + 13 + 80 + -89 + (142 - 0).
144
Calculate 0 + (-23 - 26 - 24) + -4.
-77
-1 + (21 - 36) + -8 + 4
-20
What is (-318 - -297) + -8 + 21?
-8
Calculate -46 - (-1 + 1 + 4 + -10810 + 10794).
-34
What is the value of (-96 - -116) + 0 + (3 - 13) + (27 - -104)?
141
What is -90 - ((-19 - 17 - -21) + 0)?
-75
Evaluate -5 - -2 - (6 + -10 - -13) - (206 + -145).
-73
Calculate -39 - (-9 + 51 + -60).
-21
What is the value of 10 + (-16 + 25 - 8) - ((78 - -10) + -2)?
-75
What is 16 + -3 + 11 + 183 + -294?
-87
Evaluate (-18 - (-11 + -25 + 38)) + -2 + 11.
-11
Evaluate 73 + (38 - 53) - (-5 - (8 + -11)).
60
10 - -5 - ((-14 - -3 - -17) + 107 + -8)
-90
Calculate (-6 + 21 + -35 - -29) + 37.
46
What is 59 - ((-82 - -161) + -140)?
120
Calculate -96 - -205 - (-10 + 32 + -2).
89
What is -1157 - -1177 - (-2 + 8 - (0 + 4))?
18
What is -1 + 46 - (21322 - 21403)?
126
What is the value of -49 + 11 + 23 + (1 - 36)?
-50
What is the value of 58 - -6 - (63 + 29)?
-28
What is the value of 4 + (0 - (12 - 21)) + 1?
14
What is -10 + (-21 - 0) + -574 + 639?
34
Evaluate ((-18 - -33) + -14 + 1 + 4 - 70) + 5.
-59
What is (-2 - (2 + -16)) + 25 + -43 + 14?
8
Calculate 3 + -1 + 0 + 0 + 14 + 19.
35
What is the value of -3 - (16 - (5 - ((13 - 9) + -8 + -2)))?
-8
(-52 - (0 + -1)) + 32 + 55 + -32 + -54
-50
(-9 - 12) + (221 - 207)
-7
((-46 - 14) + 10 - (8 - (-2 - -3))) + 5
-52
Calculate (-1 - -1 - -3 - 0) + (921 - 923) - 145.
-144
Evaluate 55 + 1 + -50 - 0.
6
What is the value of -37 + 35 - (13 - (97 - -9))?
91
What is the value of 29 - (-21 + (4 - -22)) - -44?
68
-23 - ((7 - (13 + 10) - -3) + 25)
-35
376 + -482 + 118 - (111 - 0)
-99
What is (8 - 8) + 24 + 57 + -62?
19
1 + 13 + (-1875 - -1818)
-43
What is 147 + -151 + 20 + -17 + 0?
-1
(24 - -79) + (-7 - 100)
-4
Evaluate 2 - -18 - (25 - (19 + 21)).
35
Calculate (4 - 3) + -9 - (2 + 33 + -64 - -14).
7
Calculate 1 + -20 - (-1331 + 1322 + (0 - 39)).
29
Calculate 16 - (-16 - 76) - (8 + -5 - 16).
121
What is the value of 13 - (37 + -23) - (-3 + 1 + 22)?
-21
What is the value of 26 - (-5 - (-30 - -101))?
102
Calculate 0 + -19 + -22 + (-1 - -37) - 0.
-5
What is -36 + 28 - (-18 - -12 - (-11 - 1) - 119)?
105
-24 + -3 - (8 - (20 + 13 - 23))
-25
(9 + (4 - -5) - -8) + 4 + (7 - 5)
32
Evaluate 4 + 80 - (2 - -3 - (224 + -223)).
80
Calculate (15 - 4) + (-4 - (138 + -57 - (2 + 5))).
-67
-1 + -36 + (-58 - 23) + 100
-18
What is 20 + (-87 + 8 - 18 - -5) + -12?
-84
What is 9 + (44 - (102 - 16))?
-33
Evaluate (-2 + (3 - -4) + 1 - -2) + -1278 + 1253.
-17
Evaluate (164 - 164) + (1 + -3 - -10) - -89.
97
What is -34 - 5 - (-433 - -419)?
-25
Evaluate (6208 - 6215) + -97 + (3 - 2).
-103
What is the value of -24 + (14 + (-22 - -12) - 24)?
-44
-18 - ((9 + -25 - 13) + 135)
-124
What is 41 + 7 + 26 - 50 - (-1 + 36)?
-11
8 + (-4 + 131 - (10 + (-11 - -10)))
126
What is the value of 4 + (42 - -1 - ((19 - (1 + 9)) + -19))?
57
52 - (-8 - (-4 - (2 + 3) - (20 + -15)))
46
216 - ((104 - 107) + 106)
113
What is the value of (-4 + 31 + -34 + (4 - 1) - -100) + 7?
103
Calculate 10 + -39 + 17 + 38.
26
Evaluate (44 + -41 - 1) + (-57 - 0) - -5.
-50
Evaluate 2 - (-5 - (-18 + -6)).
-17
-42 + (-9 - (-4 + (6 - -1))) + 6
-48
-2 + -14 - (-83 + 36 + -59)
90
What is (-13 + 38 + -64 - -22) + 96 + 1?
80
What is 96 + -11 + (-28 - (-10 - 2 - 3) - 3)?
69
What is the value of 18 - (-309 + 288 - (-1 - 55))?
-17
Calculate -10 + -1 + 3 + (-2457 - -2453).
-12
Evaluate (-5 - (30 + 12 + 1 + -6)) + 2 + -5.
-45
What is the value of 51 + (-5 - -5) - (5 + (0 - 4 - -4))?
46
Calculate (26 - 52) + 24 + (-5 + 7 - 4) + -65.
-69
What is the value of (-1 + -58 - -5) + -9 + 4 + (92 - 94)?
-61
What is the value of (-8 - 21) + 57 - -4?
32
Calculate 164 - (-25 - (-66 - 100)).
23
What is the value of 3 + -4 + 0 + (-95 - -51)?
-45
What is the value of 3 - (-3 + 83 - -2) - (574 - 591)?
-62
-44 + 17 + (-9 - -24)
-12
Calculate (47 + -64 - 48) + -11 + -10.
-86
What is -8 - (-114 - (-29 - 28))?
49
What is -2 - -28 - 42 - -22 - 9?
-3
What is (18 - 4) + 8 + -31?
-9
What is 465 + -527 - (23 + -118)?
33
What is the value of (1 - 114 - (-97 + 91) - (-9 + 18)) + 12?
-104
What is -188 + (80 - (-93 - -69))?
-84
(-25 - (-40 - -17)) + (73 - (-16 + 13))
74
What is (0 - -25 - (164 - 140)) +